 515299?
True
Is 227 a factor of 61401003?
True
Is 10 a factor of 124886390?
True
Does 1029 divide 1032297644?
False
Is 61940825 a multiple of 19?
False
Is 5320464890 a multiple of 12798?
False
Is 1734 a factor of 910345862?
False
Is 3019 a factor of 8575388?
False
Does 102 divide 973646445?
False
Is 23299600 a multiple of 56?
False
Is 19 a factor of 186967?
False
Is 2 a factor of 4150340?
True
Is 66 a factor of 93659808?
True
Does 67 divide 20557321?
False
Is 311 a factor of 2947978?
False
Is 5153 a factor of 284703250?
True
Is 260 a factor of 31782920?
True
Is 49552546 a multiple of 37?
True
Does 1556 divide 3082265209?
False
Is 952579642 a multiple of 3089?
True
Is 340420387 a multiple of 331?
False
Is 244 a factor of 137061673?
False
Is 200 a factor of 56637386?
False
Is 54 a factor of 30272624?
False
Is 158440 a multiple of 5?
True
Is 731155485 a multiple of 1581?
False
Is 12 a factor of 581367096?
True
Does 290 divide 3469326410?
False
Is 18 a factor of 15500052?
True
Is 2583 a factor of 168114555?
True
Is 483772519 a multiple of 493?
True
Is 40965903 a multiple of 187?
True
Is 83 a factor of 74543296?
True
Is 484 a factor of 45698023?
False
Is 111045249 a multiple of 21?
True
Does 212 divide 59470664?
True
Is 149 a factor of 23080966?
False
Is 10 a factor of 816206417?
False
Is 82902660 a multiple of 1220?
True
Is 11808930 a multiple of 105?
True
Is 155 a factor of 48346332?
False
Is 28797165 a multiple of 13?
False
Is 203249844 a multiple of 28?
True
Does 78 divide 29551008?
False
Is 1233 a factor of 22616779?
False
Does 43 divide 103570187?
True
Does 338 divide 8673626?
False
Is 2804 a factor of 349493364?
True
Is 45 a factor of 4717863?
False
Is 77 a factor of 26590564?
True
Is 834850496 a multiple of 33?
False
Is 2058951579 a multiple of 2215?
False
Is 193004 a multiple of 14?
True
Does 10 divide 288536724?
False
Is 2707380507 a multiple of 793?
True
Is 2802033143 a multiple of 83?
False
Is 265784745 a multiple of 26?
False
Does 5146 divide 62055793?
False
Is 124 a factor of 119543858?
False
Is 45619451 a multiple of 38?
False
Does 31 divide 108497520?
True
Is 6452670634 a multiple of 1598?
False
Does 11 divide 61371071?
False
Is 109178223 a multiple of 1617?
True
Does 1158 divide 233650818?
True
Is 367810268 a multiple of 132?
False
Is 10844848 a multiple of 112?
True
Does 52 divide 21445751?
False
Is 22 a factor of 8359406?
True
Is 57359190 a multiple of 255?
True
Is 428241304 a multiple of 76?
True
Is 69928 a multiple of 6?
False
Does 15 divide 731670?
True
Is 13913383 a multiple of 1117?
False
Is 30 a factor of 7018035?
False
Does 139 divide 31259812?
False
Is 336 a factor of 41977152?
True
Is 22125600 a multiple of 15?
True
Is 136 a factor of 204563710?
False
Does 4 divide 149688359?
False
Is 98 a factor of 438701372?
False
Is 45691912 a multiple of 56?
True
Is 6542 a factor of 1098008111?
False
Is 24 a factor of 178926003?
False
Is 20067607 a multiple of 10?
False
Does 4597 divide 217208250?
True
Is 38532000 a multiple of 2280?
True
Is 1534129 a multiple of 5?
False
Is 6 a factor of 18006877?
False
Does 20 divide 647627760?
True
Is 2963220 a multiple of 1885?
True
Is 331 a factor of 33261580?
False
Is 277981705 a multiple of 382?
False
Is 216 a factor of 80079336?
False
Is 17 a factor of 6350262?
False
Does 403 divide 419810456?
False
Does 2 divide 367095021?
False
Does 1690 divide 810471610?
True
Is 1424 a factor of 11919445?
False
Is 102 a factor of 41402718?
True
Is 148 a factor of 8665400?
True
Does 1773 divide 2341913148?
True
Is 38606044 a multiple of 277?
True
Does 715 divide 13514930?
True
Is 84 a factor of 205707768?
True
Is 17583649 a multiple of 2113?
False
Does 15 divide 90935648?
False
Is 1201796854 a multiple of 1939?
False
Is 16 a factor of 713311296?
True
Is 135447836 a multiple of 39?
False
Does 232 divide 19462248?
True
Does 60 divide 37173960?
True
Does 15 divide 25544415?
True
Is 858904432 a multiple of 1264?
True
Is 93 a factor of 812475621?
True
Is 2 a factor of 9212769?
False
Does 17 divide 1260310608?
False
Is 19838461 a multiple of 108?
False
Does 7 divide 497543679?
False
Is 11 a factor of 5053911?
False
Does 450 divide 6858494?
False
Is 2543146 a multiple of 180?
False
Is 667331390 a multiple of 3685?
True
Is 5 a factor of 174094795?
True
Does 29 divide 452544942?
True
Is 1572 a factor of 121443700?
False
Does 358 divide 286340915?
False
Is 712 a factor of 174262000?
True
Is 106 a factor of 482318660?
False
Does 405 divide 207963140?
False
Is 650 a factor of 1377030250?
False
Is 365 a factor of 41648335?
False
Is 148 a factor of 966367628?
True
Does 33 divide 59116277?
False
Is 27 a factor of 24134085?
True
Is 51 a factor of 37122489?
False
Does 3583 divide 1554385869?
False
Does 351 divide 1243352292?
False
Is 20 a factor of 2013430160?
True
Does 9 divide 3173598?
True
Is 2185 a factor of 576044660?
True
Does 78 divide 169123553?
False
Is 18263007 a multiple of 3?
True
Is 319 a factor of 104083370?
False
Is 150312038 a multiple of 4151?
False
Does 2004 divide 729788664?
True
Does 6 divide 1197755?
False
Is 18 a factor of 38385468?
True
Is 5 a factor of 621166?
False
Is 1343 a factor of 71964780?
False
Is 46724921 a multiple of 401?
True
Does 23 divide 221332450?
True
Is 43074857 a multiple of 111?
False
Is 308 a factor of 2223891208?
True
Is 2517031929 a multiple of 1077?
True
Does 221 divide 203962483?
False
Is 306941102 a multiple of 1451?
False
Does 61 divide 922881450?
False
Is 3415 a factor of 753229475?
True
Does 40 divide 12587320?
True
Is 3781 a factor of 160413017?
False
Does 2 divide 102399228?
True
Is 4189245 a multiple of 181?
True
Is 385182105 a multiple of 33?
True
Is 4833 a factor of 129331080?
True
Does 100 divide 106273652?
False
Is 205 a factor of 10629770?
False
Is 340535637 a multiple of 747?
True
Is 4924025 a multiple of 25?
True
Is 32252170 a multiple of 42?
False
Does 1417 divide 153860694?
True
Does 86 divide 82034929?
False
Does 43 divide 18159114?
False
Does 36 divide 137961425?
False
Is 10 a factor of 2965860060?
True
Is 2774 a factor of 584201790?
False
Does 1180 divide 154780600?
True
Is 73855481 a multiple of 4680?
False
Is 1094693742 a multiple of 129?
True
Is 117575737 a multiple of 3?
False
Does 1131 divide 56533035?
True
Is 22816112 a multiple of 76?
True
Is 1702476586 a multiple of 303?
False
Does 112 divide 8714608?
True
Does 131 divide 1489342013?
True
Does 3 divide 18898682?
False
Is 291978705 a multiple of 1825?
False
Is 275531968 a multiple of 4916?
True
Is 55647537 a multiple of 121?
True
Does 870 divide 8033580?
True
Is 113672997 a multiple of 1280?
False
Does 350 divide 690198250?
True
Is 285447117 a multiple of 1390?
False
Is 330269636 a multiple of 1101?
False
Does 15 divide 7278939?
False
Is 29875854 a multiple of 3?
True
Is 60 a factor of 26308980?
True
Is 1619950 a multiple of 25?
True
Is 89720608 a multiple of 3197?
True
Is 17 a factor of 21409023?
False
Is 4138219 a multiple of 2?
False
Is 632 a factor of 197833696?
True
Is 87497660 a multiple of 76?
True
Is 228 a factor of 5633652?
True
Is 20 a factor of 516428220?
True
Is 19 a factor of 1276216073?
True
Is 420 a factor of 103485060?
True
Does 937 divide 538601892?
False
Is 116223185 a multiple of 31?
True
Is 1679264960 a multiple of 736?
True
Does 514 divide 413872286?
True
Is 9408530 a multiple of 9?
False
Is 157 a factor of 23019968?
True
Does 543 divide 661161432?
False
Is 329 a factor of 3855551?
True
Is 72 a factor of 1713971?
False
Is 24 a factor of 44411352?
True
Is 180 a factor of 167097269?
False
Is 290857203 a multiple of 129?
True
Does 1823 divide 314560459?
False
Does 582 divide 6321179?
False
Is 884675981 a multiple of 595?
False
Is 42 a factor of 123148165?
False
Is 789608520 a multiple of 216?
True
Is 631644937 a multiple of 1768?
False
Is 16379460 a multiple of 90?
True
Is 86 a factor of 2718074813?
False
Is 81760752 a multiple of 8262?
True
Does 338 divide 471595319?
False
Is 50405226 a multiple of 106?
True
Is 434193501 a multiple of 74?
False
Does 306 divide 18668142?
True
Is 810238720 a multiple of 328?
True
Does 2133 divide 66221511?
False
Does 14 divide 7119251485?
False
Does 12030 divide 943407732?
False
Is 358202570 a multiple of 118?
True
Is 6359 a factor of 717629020?